9434780?
True
Is 100 a factor of 979222509?
False
Is 27493920 a multiple of 36?
True
Does 8 divide 1978630121?
False
Does 2338 divide 214649442?
True
Is 723 a factor of 37923364?
False
Does 646 divide 26384462?
False
Is 20 a factor of 116508514?
False
Is 118 a factor of 96206295?
False
Does 278 divide 10505620?
True
Is 1138910271 a multiple of 5921?
True
Is 3361046212 a multiple of 30?
False
Is 7 a factor of 244038130?
True
Is 8 a factor of 202488856?
True
Does 2 divide 20191383?
False
Is 354227993 a multiple of 27?
False
Is 60918958 a multiple of 85?
False
Does 280 divide 491448440?
True
Does 293 divide 9661811?
False
Is 135 a factor of 69254262?
False
Is 25995798 a multiple of 213?
True
Is 6520 a factor of 751549386?
False
Is 308170206 a multiple of 9?
True
Does 18 divide 14211126?
True
Is 45231408 a multiple of 12?
True
Does 24 divide 534036838?
False
Is 11 a factor of 22484385?
True
Is 18910577 a multiple of 31?
False
Is 544 a factor of 11418016?
True
Is 5 a factor of 53592959?
False
Is 16723260 a multiple of 2220?
True
Is 401 a factor of 115465544?
True
Does 103 divide 48319964?
False
Does 402 divide 22969771?
False
Is 67619841 a multiple of 19?
True
Is 44809592 a multiple of 424?
True
Is 259 a factor of 17902339?
True
Does 48 divide 32492680?
False
Does 311 divide 119593963?
False
Does 134 divide 192434318?
True
Is 113 a factor of 5257551?
True
Is 28 a factor of 12378713?
False
Is 1165 a factor of 1104966385?
True
Is 3343 a factor of 256949666?
True
Is 36803130 a multiple of 910?
True
Does 1916 divide 82344414?
False
Is 3766 a factor of 88418148?
True
Is 47 a factor of 887689047?
True
Is 219066145 a multiple of 29?
True
Does 77 divide 17945543?
True
Is 248 a factor of 110532608?
True
Is 443078380 a multiple of 244?
True
Is 31280208 a multiple of 11?
False
Does 35 divide 169397620?
True
Does 6424 divide 4304940816?
True
Is 48 a factor of 89701604?
False
Is 841418678 a multiple of 202?
True
Does 100 divide 248088400?
True
Does 112 divide 521200319?
False
Is 920 a factor of 492958080?
True
Does 2841 divide 37198108?
False
Does 23 divide 18949305?
False
Is 336 a factor of 14084448?
True
Does 24 divide 66843961?
False
Is 1059031048 a multiple of 136?
True
Is 35296610 a multiple of 538?
False
Is 282 a factor of 532624772?
False
Is 55531296 a multiple of 288?
True
Does 24 divide 42142324?
False
Is 47418741 a multiple of 97?
True
Does 558 divide 2143940904?
True
Is 15576474 a multiple of 138?
True
Does 1453 divide 46289674?
True
Is 219951885 a multiple of 4035?
True
Is 414 a factor of 46055614?
False
Is 1978 a factor of 79301976?
True
Is 2426 a factor of 24017400?
True
Does 2644 divide 234705236?
True
Is 38 a factor of 473500885?
False
Is 9915810 a multiple of 4?
False
Is 33 a factor of 2594592?
True
Does 81 divide 256751463?
False
Is 675 a factor of 1693862391?
False
Is 320 a factor of 165100445?
False
Does 6 divide 4396271?
False
Is 71496747 a multiple of 7?
True
Does 240 divide 835426616?
False
Is 650817680 a multiple of 1416?
False
Is 41965919 a multiple of 16?
False
Is 719 a factor of 221292382?
True
Does 72 divide 1115116112?
False
Does 1479 divide 53022284?
False
Is 754574398 a multiple of 342?
False
Does 26 divide 261972082?
False
Is 48020196 a multiple of 147?
True
Is 5699 a factor of 59092931?
True
Is 29 a factor of 9430787?
False
Is 113754670 a multiple of 293?
False
Is 4629 a factor of 3459950679?
True
Does 27 divide 593271598?
False
Does 86 divide 56724396?
True
Does 95 divide 54027737?
False
Does 2 divide 120217286?
True
Is 857 a factor of 35736900?
True
Is 5788 a factor of 508235460?
False
Does 26 divide 336450946?
True
Does 19 divide 2730078764?
True
Is 307153794 a multiple of 7?
False
Is 164 a factor of 6816420?
False
Is 34 a factor of 263221218?
False
Does 197 divide 11564885?
True
Is 758453822 a multiple of 7?
True
Does 326 divide 192357604?
True
Is 1559174904 a multiple of 7830?
False
Does 1020 divide 37425240?
False
Does 33 divide 81073575?
True
Is 34 a factor of 245062464?
False
Is 632065553 a multiple of 287?
True
Is 630 a factor of 5705720310?
False
Does 3 divide 111706458?
True
Does 384 divide 60286464?
True
Is 283 a factor of 96727545?
False
Is 3 a factor of 1589648?
False
Does 3109 divide 637768101?
False
Is 284 a factor of 13377536?
True
Is 11 a factor of 124053806?
False
Does 12 divide 319206825?
False
Is 26 a factor of 524390958?
True
Is 919 a factor of 2376523891?
True
Is 6563231 a multiple of 119?
False
Does 12 divide 10667568?
True
Does 24 divide 40158575?
False
Is 13 a factor of 4158679663?
False
Is 217 a factor of 2398613808?
False
Is 643 a factor of 1492105997?
False
Is 16263254 a multiple of 29?
False
Is 33 a factor of 44335698?
True
Does 1197 divide 633971028?
False
Is 34332872 a multiple of 14?
True
Does 716 divide 31605672?
True
Is 28 a factor of 1354049057?
False
Is 1172 a factor of 287407630?
False
Is 115688590 a multiple of 1217?
False
Is 89942580 a multiple of 1530?
True
Does 569 divide 40584494?
True
Is 20 a factor of 9926758?
False
Does 13 divide 4025537?
False
Does 249 divide 507181056?
False
Is 692 a factor of 1360060260?
True
Is 391343689 a multiple of 127?
False
Does 193 divide 285700023?
True
Is 1366027040 a multiple of 608?
True
Is 481185693 a multiple of 7?
False
Is 193 a factor of 94443864?
False
Is 5 a factor of 1375271076?
False
Is 2824 a factor of 406484548?
False
Is 480 a factor of 672132000?
True
Does 804 divide 58848806?
False
Is 8 a factor of 628346221?
False
Is 31893615 a multiple of 221?
True
Is 100767018 a multiple of 66?
True
Does 81 divide 2355595205?
False
Is 8554408 a multiple of 29?
False
Does 771 divide 18104622?
True
Does 980 divide 1564644480?
True
Does 537 divide 21711419?
False
Is 12 a factor of 79264920?
True
Is 150 a factor of 12754500?
True
Is 1415 a factor of 8185971?
False
Does 14 divide 1977834491?
False
Does 90 divide 13592250?
True
Does 1067 divide 133182940?
True
Is 187171904 a multiple of 34?
True
Is 323 a factor of 18711067?
True
Does 2214 divide 259002576?
True
Is 40 a factor of 645398234?
False
Is 30 a factor of 81268264?
False
Is 28222158 a multiple of 3?
True
Is 10 a factor of 227227480?
True
Does 106 divide 101610540?
True
Does 163 divide 178083660?
False
Is 5572179 a multiple of 47?
True
Is 1516884 a multiple of 189?
False
Is 188618942 a multiple of 1271?
True
Does 38 divide 1052199746?
True
Does 13 divide 26378807?
True
Is 468030760 a multiple of 2923?
True
Does 300 divide 57601500?
True
Is 10 a factor of 1070620194?
False
Is 206 a factor of 1661519747?
False
Is 1868219936 a multiple of 176?
True
Is 1977942012 a multiple of 13?
False
Does 1361 divide 22166778?
False
Is 153071767 a multiple of 499?
False
Is 49 a factor of 827796984?
True
Is 430176175 a multiple of 2752?
False
Is 14 a factor of 1827399238?
True
Is 825206 a multiple of 76?
False
Does 558 divide 35777977?
False
Is 3 a factor of 7373774?
False
Is 273723875 a multiple of 82?
False
Is 132 a factor of 907669721?
False
Does 5 divide 655508790?
True
Is 6429 a factor of 617572182?
False
Is 162 a factor of 100235070?
True
Is 28189338 a multiple of 35?
False
Does 2 divide 140200?
True
Does 75 divide 17764650?
True
Does 15 divide 8414685?
True
Is 536 a factor of 296679072?
False
Is 6 a factor of 786493?
False
Is 1422292549 a multiple of 67?
True
Is 522 a factor of 26202312?
True
Is 508 a factor of 714557372?
True
Is 72001435 a multiple of 10?
False
Does 93 divide 4417982?
False
Is 101191995 a multiple of 12?
False
Is 66 a factor of 383613648?
True
Does 6 divide 10649396?
False
Does 30 divide 348649650?
True
Is 19 a factor of 430503870?
False
Is 2097764102 a multiple of 7?
True
Is 1726809616 a multiple of 124?
True
Does 454 divide 367603546?
False
Does 1636 divide 137609381?
False
Is 164956764 a multiple of 134?
False
Is 29814520 a multiple of 1270?
True
Is 168 a factor of 30924647?
False
Is 98783 even?
False
Is 264055472 a multiple of 47?
False
Does 61 divide 2410949004?
False
Is 1406862252 a multiple of 15?
False
Is 92846575 a multiple of 290?
False
Does 56 divide 1414980945?
False
Does 415 divide 30772665?
True
Is 63 a factor of 12521030?
False
Is 30109164 a multiple of 4?
True
Does 424 divide 752403000?
False
Is 51 a factor of 825763185?
True
Is 612 a factor of 154061208?
True
Is 99299 a multip